me number?
False
Suppose -16*b - 9 + 25 = 0. Let j(g) be the third derivative of 271*g**4/12 - g**3/6 + g**2. Is j(b) a composite number?
False
Let w(y) = 4*y**2 - 4*y + 4. Let k be w(2). Is 80 + k/(-3) + 1 a prime number?
False
Suppose 12 = -3*g, 17*d + 4*g = 12*d + 161719. Is d composite?
True
Suppose -3*z + 11 = -2*r - 0, -18 = -4*r - 2*z. Is r/(-15) + (-2147)/(-15) prime?
False
Suppose 3*q - q + 4*d = 32, -3*d - 9 = -4*q. Is (1623/q)/(3/6) a composite number?
False
Suppose 0 = -k - 5*q + 1220, -9*k = -6*k + 2*q - 3595. Is k composite?
True
Suppose 12*c - 136 = 11*c. Suppose 0 = -4*z + 204 + c. Is z a composite number?
True
Let b(x) = 26*x**3 - 9*x**2 + 29*x - 43. Is b(7) prime?
False
Let k(h) = 41*h + 5. Let o be ((-6)/8)/(3/(-24)). Is k(o) a composite number?
False
Let l = 10598 - 4675. Is l composite?
False
Let z(g) = 311*g - 413. Is z(24) composite?
True
Let t = -3300 - -2256. Let d = t - -1495. Is d prime?
False
Let n = -456 - -650. Let m = n - 117. Is m a composite number?
True
Suppose 27 = 5*f + z - 6, 2*z - 17 = -3*f. Suppose -f*b - 2583 = -10*b. Suppose -3*p = -6*p + b. Is p a composite number?
True
Let y(g) = 28*g**3 - 8*g**2 - 3*g + 22. Let k(c) = 29*c**3 - 8*c**2 - 3*c + 21. Let u(x) = 7*k(x) - 6*y(x). Is u(6) a prime number?
False
Let q(p) = 219*p**3 + 9*p**2 - 5*p - 10. Let d(t) = -110*t**3 - 5*t**2 + 3*t + 5. Let a(n) = -5*d(n) - 3*q(n). Is a(-2) a composite number?
False
Let m(k) = 33*k - 13. Let l(j) = 2*j**2 + 4*j + 2. Let y be l(-2). Suppose 0*x - 4*x = -4*g + 44, -y*x - 34 = -4*g. Is m(g) a composite number?
True
Let v(q) = -3*q**3 - 6*q**2 - 4*q + 9. Is v(-8) a prime number?
True
Let y = 44 + -32. Is (38/(-4) - 0)*(y + -206) prime?
False
Suppose 0*f + 3*q + 429 = -2*f, f = 3*q - 192. Let i = f - -299. Suppose 3*x = 6*x + 4*b - 71, 4*x - i = -4*b. Is x a composite number?
True
Suppose 0 = -t - 4*t - 85180. Is t/(-7) + 14/49 a composite number?
True
Let p(l) = 70*l - 37. Let z(w) = 35*w - 19. Let a(x) = -3*p(x) + 5*z(x). Is a(-5) prime?
True
Suppose n - 10524 = -3*w + 166665, -118126 = -2*w - 2*n. Is w a composite number?
False
Let v = -1003 + -68. Is (-3 + v)/(2 + -4) a prime number?
False
Let p(t) = -t**3 - 2*t**2 - 2*t - 1. Let r be p(-1). Let i(y) = 3*y - 64. Let g be i(22). Suppose -g*s - 114 + 382 = r. Is s a composite number?
True
Let x = -2028 + 3895. Let a = x - 596. Is a a prime number?
False
Let h = -2328 - -14759. Is h a prime number?
False
Let z be ((-35)/(-25))/(1/5). Suppose z*f - 505 = 594. Is f a prime number?
True
Let n be (-8)/20 - 84/15. Let h be 157 - (2 + 1 + n). Let g = -93 + h. Is g a prime number?
True
Let i(y) = 6*y**2 + 3*y + 4*y**2 - 3*y**2 - y**3 - 4*y**2. Is i(-5) a composite number?
True
Let l(q) = 4659*q**2 - 9*q - 25. Is l(-2) prime?
False
Suppose -96869 - 3294 = -41*z. Is z prime?
False
Let a(o) = o**3 - 4*o**2 - 4*o - 2. Let k be a(5). Suppose k*h - 6 = -i + 2*h, 20 = 3*i + 5*h. Suppose i*r = 218 + 2027. Is r composite?
False
Let a(d) = d**2 - 2*d - 29. Let q = 15 - 7. Let n be 16*6*(-1)/q. Is a(n) prime?
True
Let z = -1569 - -2258. Is z composite?
True
Suppose 2*f - 3*d + 0*d = 2, 0 = -4*d + 16. Suppose -9 = -4*o + f. Suppose o*y - 269 = 3*k, -4*k + 2*k = -2*y + 132. Is y prime?
True
Let s = 6 - 0. Suppose -s*n + 894 = -4*n. Suppose 0 = -u + 4*u - n. Is u a prime number?
True
Suppose 5*f - 47824 = 2*j + 28733, j = 4. Is f a composite number?
False
Let w = -11 - -14. Let a(t) = 3*t - 11. Let s(p) = -2*p + 10. Let i(q) = 5*a(q) + 6*s(q). Is i(w) a composite number?
True
Let p(k) = -113*k**2 + k - 2. Suppose 2*t - 6*t = -2*s - 2, 2*t - 2*s = -2. Let j be p(t). Is ((-2)/(-4))/((-2)/j) a prime number?
True
Let b = -195 + 768. Is b a composite number?
True
Let f = -1 - -1. Let j = 0 - f. Suppose j = 3*s + 1 - 7, 390 = 2*v + 4*s. Is v a prime number?
True
Let n = -1811 + 2552. Let v = 395 - n. Let x = v - -1401. Is x a composite number?
True
Let c be (525 - 0 - 0) + -2. Let w be (-1 + (-3)/(12/16))*-1. Suppose -w*f + c = -912. Is f a composite number?
True
Let x be (0/(-1))/((-2)/(-1)). Suppose x*l + 5*c - 25 = l, -22 = 2*l - 3*c. Is (-3310)/l*(-3)/(-6) prime?
True
Let h(z) = -2*z. Suppose 7*m - 2*m = -10. Let a be h(m). Suppose 2*u - 144 = -a*v, -10 = -4*u - u. Is v composite?
True
Suppose 5*i = i + 4. Is ((-4595)/15)/(i/(-3)) a prime number?
True
Let v(o) = -123*o + 2. Let k be v(13). Is k/((-5)/(-15)*-3) a composite number?
False
Let y(g) = 264*g - 411. Is y(7) prime?
False
Let v(z) = 13 + 254*z + 360*z + 526*z + 294*z. Is v(4) a composite number?
False
Let f be (-2)/(-3)*(-268 - -1). Let a = -75 - f. Suppose -5*n - 5*u = -1350, 2*n - 417 = 2*u + a. Is n prime?
False
Let s(h) = 11*h**2 + 15*h - 1. Let q be s(6). Let y = 234 + q. Is y composite?
False
Let z be 2 + 51/15 + 14/(-35). Suppose z*g = 4*t - 5405, -5*g = -2*t + 6*t - 5435. Is t composite?
True
Suppose -2 = -g + 2. Suppose -p - p = 2*j - 94, 194 = g*p + j. Is p a composite number?
True
Is (104732/10)/((38/(-5))/(-19)) a composite number?
False
Suppose -1 = 2*r + 5*u + 3, 5*r = 5*u + 25. Suppose -1004 = -r*n + 142. Let z = -3 + n. Is z prime?
True
Suppose -19*g - 204661 = -1123976. Is g composite?
True
Let t be (-2)/(-2) + 41 - (5 - 2). Suppose -42*j = -t*j - 2238. Is j composite?
True
Let x(b) = 5*b - 35. Let i be x(8). Suppose -i*l + 4*q + 14683 = 0, 5*q - q - 8829 = -3*l. Is l a prime number?
True
Let w(c) = 26*c - 40. Let g(k) = k**3 + 3*k**2 - 2*k + 1. Let t be g(-2). Is w(t) prime?
False
Let o(r) be the second derivative of 43*r**3/3 - 3*r**2/2 - 36*r. Is o(1) composite?
False
Suppose 16 = -5*y - 4. Let v(f) be the third derivative of -31*f**4/6 - 5*f**3/6 + 70*f**2 - 1. Is v(y) a composite number?
False
Let z be 33/(-77) - 1842/14. Is -154*66/(-16) + 33/z a prime number?
False
Is (-1)/5 + -2 + (-6832)/(-10) prime?
False
Is 16/(-28) - 1596101/(-91) a prime number?
True
Suppose 0 = -3*h - p + 24, 0*h + 3 = h + 2*p. Suppose -h*x + 7545 = -4*x. Is x a composite number?
True
Let t(w) = -4*w**2 + 2*w - 7. Let z be t(3). Suppose -4*y = -2*y - 148. Let c = y + z. Is c prime?
True
Let i(v) = 167*v**2 + 178*v - 2. Is i(-21) prime?
False
Suppose -5*z + 248169 - 45744 = 5*r, 5*r + 25 = 0. Let q be 4/18 + z/45. Suppose 5*i + q = 5*s, -i + 94 + 96 = s. Is s composite?
True
Let d = -15 - -9. Let b(g) = 18*g**2 - 8*g**2 + 6*g + 0*g**2 - 7 + 2*g**2 + 21*g**2. Is b(d) a composite number?
True
Is (-86460)/(-40) - 1/2 a prime number?
True
Let r be 5/(1*(3 - 2)). Let v(j) = -j**2 + 18*j - 27. Let g be v(17). Let t = r - g. Is t a composite number?
True
Is (-2)/8 + (-54474)/(-8) - 4 a prime number?
False
Suppose 5*r = 2 - 72. Let k(s) = -10*s + 37. Is k(r) a prime number?
False
Suppose 2*a - 4*x = 140, 3*a + 6*x = x + 232. Suppose 0 = 2*v - i + 7 - 73, -3*i - a = -2*v. Is v composite?
False
Let d be 171/(-7) + 3/7. Let z = -19 - d. Suppose y + z = 0, -150 = w - 4*w - 3*y. Is w composite?
True
Let x be 40/15 - 2/3. Suppose h = -x*h. Suppose h = -u - 4, -u + 0*u + 378 = 2*q. Is q a prime number?
True
Suppose -7*f = -1213 - 18478. Is f prime?
False
Let j = -216 + 530. Suppose -k + 329 = k + c, 4*c - j = -2*k. Is k composite?
False
Let v(t) = t**3 - 11*t**2 + 9*t - 16. Let b be -5 - -3 - -2 - -11. Is v(b) a composite number?
False
Suppose 3*p - 2*o - 9 = 0, 0 = 2*p + o + 4*o - 25. Suppose -2*b + 2*z = -5158, b = -2*b - p*z + 7753. Is b prime?
False
Let j(v) = 51*v + 11. Let t be ((-13)/5 + 3)*410. Let z be t/20 + 4/(-20). Is j(z) prime?
True
Suppose -4*k = -5*m - 9*k + 99525, -3*k + 12 = 0. Is m a prime number?
False
Let r(k) = -455*k + 39. Let q be r(-7). Let l = 719 + q. Is l composite?
False
Let i(g) = -2105*g - 6. Is i(-1) a prime number?
True
Let y(s) = -s**3 - 6*s**2 - 5*s + 6. Let n be y(-5). Suppose -4*t - 22 = 2*k, 0 = n*t - 2*t + k + 19. Is 4204/16 + (-1)/t composite?
False
Let i = 9568 + -6760. Suppose 4*w - i = 2164. Is w prime?
False
Suppose 3*s + 0 = 6. Suppose l - 691 = -s*o + 1058, 4390 = 5*o - l. Is o prime?
True
Let z(d) = 12*d - 54. Let k be z(2). Suppose 3*m = 6*m + 45. Let a = m - k. Is a composite?
True
Let f = -62 + 265. Let j = f - -1158. Is j composite?
False
Let k(g) = -47*g**3 + 9*g**2 - 10*g - 7. Is k(-5) prime?
True
Let y = 9129 - -8338. Is y a prime number?
True
Let n = -694 - 693. Is 0 - ((n - 1) + -1 + 4) composite?